s(z) - 6*t(z). Give g(3).
-11
Let o(g) = -2*g**2 - 1 + 3*g - g - 4*g + 13*g**3. Suppose x = -4*d - 5, -5*d - 2 + 1 = -4*x. Give o(d).
-14
Let u(k) = 2*k + 10. Let x be u(-4). Let g(v) = 3*v**2 - v. Calculate g(x).
10
Let t(q) = q + 10. Let y be t(-4). Let m(v) = -v**3 + 5*v**2 + 8*v + 3. Determine m(y).
15
Let t(b) = -b**3 + 6*b**2 - 5*b + 4. Let o be t(6). Let z = -15 - o. Let w = z + -8. Let s(i) = i**3 - 5*i**2 + i + 2. Give s(w).
-13
Let z(n) be the third derivative of -n**6/120 - n**5/30 - n**3/3 + 7*n**2. What is z(2)?
-18
Let j be (-28)/(-8) - (-2)/(-4). Let o(w) be the second derivative of 0 + 1/6*w**3 + 2*w - j*w**2. Calculate o(5).
-1
Let n(x) = -x**3 + 4*x**2 - 6*x + 4. Suppose 6*d + 8 = 2*d. Let l = -3 - -6. Let m(j) = -2*j**3 + 4*j**2 - 7*j + 4. Let b(c) = d*m(c) + l*n(c). Calculate b(-5).
-1
Let n = 20 - 12. Let k(z) = -4*z - n*z + 5*z + z**2. What is k(3)?
-12
Let a(w) = 2*w - 5. Suppose 0 = -0*z - z + 3. Let b be 5 + 4/(1 - z). Let d = b - -1. What is a(d)?
3
Let s(h) be the second derivative of -h**2 - h - 1/20*h**5 + 1/6*h**4 + 0 + 5/6*h**3. Determine s(3).
4
Let r(a) = a**2 - 8*a + 1. Suppose -5*o + o = -s, s - 2*o = 4. Give r(s).
1
Let r(c) = 13*c + 1. Let l = 7 + -6. Let s be r(l). Let i = s + -9. Let t(k) = k**2 - 7*k + 4. Calculate t(i).
-6
Let m be 7/35 + 4/5. Let t(p) = -m - 28 + 17 - p. Determine t(-5).
-7
Let n(y) be the first derivative of y**3/3 + y - 12. Suppose 4*b = -3*u + 11, -4*b + 2*u + 0 = -6. Give n(b).
5
Let m be -14*(1 - 4/8). Let k(u) = -u**2 - 7*u - 5. Calculate k(m).
-5
Suppose n + 12 = -3*f, 4 - 44 = 5*n + 5*f. Let x(h) = -2*h - 5. Determine x(n).
7
Let m(b) = -b**2 + 5*b - 2. Suppose -5*d - 5 = -25. Calculate m(d).
2
Let j(u) be the first derivative of u**4/4 - 7*u**3/3 - 3*u**2 - 5*u - 3. Let p be j(8). Let h = p - 15. Let y(l) = -2*l. Determine y(h).
8
Let o(z) be the third derivative of z**6/120 + z**5/10 + z**3/3 - 3*z**2. Let g be 4/(0 + 4) + -7. What is o(g)?
2
Let h = -3 + 3. Let x(g) = -3*g**3 - 3*g**2 - 3*g + 5. Let p(w) = 4*w**3 + 4*w**2 + 4*w - 4. Let l(a) = -2*p(a) - 3*x(a). What is l(h)?
-7
Let v(a) = -a**3 + 3*a**2 + 7*a - 6. Suppose -3*n + 4 = -n. Suppose 2*w - 16 = -n*w. Let y = w + 0. What is v(y)?
6
Let k(a) = 3*a**2 - 15*a + 1. Let m(u) be the third derivative of -u**5/30 + 5*u**4/12 - u**3/6 - 7*u**2. Let f(b) = 5*k(b) + 8*m(b). Determine f(4).
1
Let m = -2 - 1. Let i(d) be the second derivative of -d**4/12 - d**3/3 + 2*d**2 + 7*d. Give i(m).
1
Let n(l) be the second derivative of -2*l**2 + 0 - 5*l - 1/12*l**4 + 5/6*l**3. Give n(3).
2
Let x(l) = -l - 3*l**2 + 2*l**2 + 5*l. Let z = -18 + 22. Give x(z).
0
Let t be (-3 + 2)/((-2)/4). Let c = 1 + t. Let w(r) = -4 + 3*r - 4*r - c + 3. Give w(-3).
-1
Suppose 3*u - 1 = 2*v - 7, 0 = 2*v - 6. Let r(j) be the second derivative of j**3/6 - 2*j**2 - 13*j. What is r(u)?
-4
Let i be 3*((-5)/(-3) + 2). Suppose -24 = 2*o + j, o + 0*j = -j - i. Let x = o + 8. Let u(p) = -p - 9. Calculate u(x).
-4
Let h be (-3)/(-12) - 34/8. Let g(d) be the first derivative of d**3/3 + 2*d**2 - 4*d - 3. Determine g(h).
-4
Let y(a) = 2*a**2 + 2*a + 3. Let i(k) = -k**2 + 9*k + 8. Let r be i(7). Suppose -3*p - r = z + p, -5*z + 3*p + 5 = 0. Determine y(z).
7
Let n(v) be the first derivative of v**5/60 - 7*v**4/24 + v**3 + 1. Let g(r) be the third derivative of n(r). Give g(5).
3
Let f = -12 + 14. Let u(n) = f*n + n + 0*n + 0*n. Calculate u(-2).
-6
Suppose 2*u - 3 = 5. Suppose q = -u*j + 8, 3*q = -j - 13 + 4. Let l(m) = -16*m**2 + 2*m**3 + m**3 + 11*m**2 + m - 4*m**j. Give l(-5).
-5
Let j(w) = 3*w + 7. Let z(n) = n. Let x(r) = -j(r) + 4*z(r). Suppose 0*a - 20 = -4*a. Determine x(a).
-2
Let y(i) = -i**2 + 3*i - 2. Let l(r) = -r**2 + 2*r - 1. Let u(n) = 5*l(n) - 4*y(n). Let v be u(-4). Let z(o) = -o + 2. Determine z(v).
7
Let g(j) = -14*j**3 - 4*j**2 - 17*j + 12. Let s(k) = -3*k**3 + 2*k**3 - k**2 + 4 - 6*k - 4*k**3. Let a(c) = 4*g(c) - 11*s(c). What is a(-3)?
-8
Let m(s) = s + 2. Let q be (-10)/(8/(-1 - -5)). Calculate m(q).
-3
Suppose -2*l = -7*l - 5. Let d be (-1 + l)*(-20)/8. Let y(q) = -3 - 58*q + 54*q + q**2 + 0*q**2. Calculate y(d).
2
Let z(j) be the third derivative of -j**4/24 + j**3/2 - 4*j**2. Give z(5).
-2
Let a(u) be the second derivative of 7*u**5/20 + u**4/12 - u**3/6 - u**2/2 - u. Let z be ((-6)/9)/(2/3). Let t = 0 + z. Calculate a(t).
-6
Let x(v) = -2*v**2 + 17*v. Let n(k) = k**2 - 8*k. Let q(r) = -9*n(r) - 4*x(r). Let p = 1 + 10. Suppose 5*u = a + p, -a + 2*u = -2*u + 8. Give q(a).
0
Let y(f) = -7*f - 8. Let a(q) = -3*q - 4. Let r(o) = 5*a(o) - 2*y(o). Calculate r(-5).
1
Let b be 2/2 + -1 + -6. Let t(x) be the second derivative of -x**5/20 - 7*x**4/12 - x**3 + 3*x**2 + 2*x - 50. What is t(b)?
6
Let o(l) be the third derivative of -l**6/60 - l**5/30 + l**4/8 + l**3/3 - l**2. Suppose -8 = w + 3*g, 2*g = -w - 9 + 3. Calculate o(w).
4
Let b(f) be the second derivative of -f**5/24 + f**4/12 + f**3/2 + 2*f. Let u(i) be the second derivative of b(i). What is u(2)?
-8
Let i = -4 + 8. Let l be (-9)/18 + 6/i. Let x(s) = -5 + 2*s**2 + 4 - 4*s**3 + 10*s**3. Determine x(l).
7
Let a(n) = -2*n + 1. Suppose 0 = -4*x + 5*j - 14, 5*j - 8 = -5*x + 3*x. Determine a(x).
3
Let r be 54*-1*(3 - 2). Let a be ((-1)/(-3))/((-2)/r). Suppose 0 = 5*u - 5*d - 20, 0*d = -4*u - d - a. Let s(w) = 3*w**2 + 2*w + 1. Give s(u).
2
Suppose -4*y = 2*a - 16, -5*y - 8 = -y - 4*a. Let n(d) = d**3 - 3*d**2 + 2*d + 1. Give n(y).
1
Let a(r) = -4*r - 11. Let l(m) = -3*m - 10. Let v(j) = -4*a(j) + 5*l(j). Let o be v(9). Let i(y) = -5*y - y - 5 + o. Give i(-2).
10
Let a(r) = -2*r - 4. Let v be 4/(-3)*3 + -1. Let x = 2 - v. Suppose -x*h = -2*h - 2*p + 5, -p = -4*h - 7. Calculate a(h).
2
Let s(f) = f**2 - 11*f + 9. Let z(v) = 3*v**2 - 33*v + 27. Let j(k) = -7*s(k) + 2*z(k). Calculate j(7).
19
Let u(s) = -11*s**3 + 10*s**2 - 4*s + 3. Let z(v) = 5*v**3 - 5*v**2 + 2*v - 2. Let b(t) = -4*u(t) - 9*z(t). What is b(5)?
-4
Let d(r) be the first derivative of -1/2*r**2 - 4 - r. Let o(y) = -y**3 - 3*y**2 - 1. Let x be o(-3). Determine d(x).
0
Let b(h) = 1 - 56*h + 3*h**2 - h**3 + 54*h - 3. Let z(g) = -g**3 + 4*g**2 - g - 4. Suppose 4 - 16 = -4*o. Let y be z(o). What is b(y)?
-2
Let c(j) = -j**2 - 4*j - 5. Let k be (6/4)/(4/8). Let h = -7 + k. Give c(h).
-5
Let q(i) = 3*i**3 - 5*i**2 + 7*i - 6. Let d(n) = 8*n**3 - 14*n**2 + 20*n - 17. Let t(y) = 4*d(y) - 11*q(y). Let f(p) = p**2 - 7*p + 7. Let b be f(5). Give t(b).
7
Let y = -1 + 1. Let f(a) = 3*a - 9. Let l(m) = -m + 4. Let g(s) = 2*f(s) + 5*l(s). Determine g(y).
2
Let k be (1*-3)/(-3 + 2). Let u(p) = -4 + p**3 - 4*p + k*p**2 + 0 + 1. Calculate u(-4).
-3
Let x(i) be the second derivative of -5*i**2 + 0 + 1/6*i**3 + i. Let v(g) = -4*g - 95. Let o be v(-25). Give x(o).
-5
Let q(n) = -5*n**3 - 7*n**3 + 27 - 28. Determine q(1).
-13
Let w = -12 + 22. Suppose -3*i - w = 5. Let j(t) = -t**3 - 10*t**2 - 4. Let u(o) = o**3 + 11*o**2 + 4. Let f(h) = -6*j(h) - 5*u(h). What is f(i)?
4
Let y(f) = f**3 + 11*f**2 + 10*f. Let n(j) = j**3 + 12*j**2 - 13*j - 10. Let c be n(-13). Calculate y(c).
0
Let s(v) = v**2 - 6*v + 7. Let i(f) = f**3 - 6*f**2 + 3*f + 7. Let g be i(5). Let p be 31/g + 4/(-6). Let o be 4/22 - 53/p. What is s(o)?
2
Let m(p) = 8*p. Suppose 5*g - 2*s = 11, g + 3*g = 3*s + 6. Let r = g + -2. Give m(r).
8
Let p(o) = -o - 5. Let y(q) = 3*q + 9. Let h(r) = 5*p(r) + 2*y(r). Determine h(5).
-2
Let w(i) be the third derivative of i**4/12 - i**3/2 + 12*i**2. Determine w(4).
5
Let x = 11 - 8. Let n(c) = -4 - 2*c**2 - 1 - c**x + 3*c**2. Suppose -44*m = -48*m. Give n(m).
-5
Suppose -4*k + 95 = 3*c, k + 25 = 3*k - 3*c. Suppose 0 = 5*u - k. Let o(w) = w - 4. What is o(u)?
0
Let d(u) = -u**2 + 6*u - 4. Let c be -3*(-14)/12*4. Let y = c + -11. Give d(y).
5
Let k(q) = -q**2. Let v(d) = -4*d**2 - 4*d - 3. Let x(g) = 5*k(g) - v(g). Determine x(5).
-2
Let b(g) be the second derivative of g**3/6 - g**2 - g. Suppose -120 = -7*n + 3*n. Let m = -25 + n. Calculate b(m).
3
Suppose -3 = -5*m + 2*m. Let z(b) = -4*b**3 - b**2 - b + 1. What is z(m)?
-5
Suppose 2 + 2 = 2*t. Suppose -4*s + 0 = -2*d - t, -11 = -5*d + 2*s. Let k(z) = 2*z + 5*z**2 - d - 4*z**3 - 3*z + 3*z**3. What is k(5)?
-8
Suppose -3*m - 14 = 5*i - 10*i, -4*i - 3*m + 22 = 0. Let s = i - 4. Let a(v) = -v**2 + v + 4. Determi